 89. What is the tens digit of i?
7
Let n be (-328)/(-18) + (-8)/36. Let l be 90/21 + (-4)/14. Let u = n - l. What is the tens digit of u?
1
Suppose 3*t + v = 101, 3*t - 37 = 2*v + 49. Suppose 0 = u + 2, 3*g + 3*u = g + 2. Suppose t = 3*i - 4*n, -n = g*i - 4 - 7. What is the units digit of i?
4
Let l(o) be the second derivative of o**4/6 - o**3/3 - 3*o**2 - 5*o. What is the units digit of l(6)?
4
Suppose 0 = -2*w + 4 + 8. Suppose -2*o + w = o. What is the units digit of (-3)/(-6) + 15/o?
8
Let s(n) = 2*n - 3. Let h be 0/8 + 2 + 0. Suppose -5*f + 22 = -f + h*l, -5*f + 22 = -3*l. What is the units digit of s(f)?
7
Suppose 774 = -4*d + 10*d. What is the hundreds digit of d?
1
Suppose 3*p + 1 = -2. Let l(d) = -11*d**3 + d**2 + 2*d + 1. What is the tens digit of l(p)?
1
What is the hundreds digit of ((2 - -1) + 62)*2?
1
Suppose 0 = -3*y - 5*j + 57, -4*y + 3*y + 5*j = -39. Suppose 3*w + y = -3*r + 69, -5 = 5*w. What is the units digit of r?
6
Suppose 270 = -0*p + 3*p. What is the tens digit of p?
9
Let w be (-55)/(-3 - (-1 - 1)). Suppose 5*k - 2*g = 92, -g - w = -2*k - k. What is the units digit of k?
8
Let h = 8 + 32. Suppose 0 = -2*z + 5*t - h + 114, -z + 51 = t. What is the tens digit of z?
4
Suppose -3*j + 28 = 1. Suppose 0 + j = i. What is the units digit of i?
9
Let d(x) = -x + 5. Let g be d(0). Suppose g*t = -3*n + 47, 3*n - n + t = 36. What is the units digit of n?
9
Suppose -n = -3*n - 4. What is the units digit of -2 - n/4*46?
1
Suppose 4*b + b - 4*p - 180 = 0, -5*p + 71 = 3*b. What is the tens digit of b?
3
Suppose p = -4*t + 18, 0*p - 33 = -p + t. What is the tens digit of p?
3
What is the units digit of (-3 - -6 - 2) + 11?
2
Let m = 134 + -8. What is the tens digit of m?
2
Let j = 58 + -38. Let g = 11 - 6. Suppose j = g*o - 5. What is the units digit of o?
5
Let k(b) = -b**3 - 9*b**2 + 4*b - 13. What is the tens digit of k(-10)?
4
Suppose -4*b + 0*b + 96 = 0. Suppose -j + 27 = 4*l, -j + b = -0*j + 3*l. What is the tens digit of j?
1
Let v = -4 + 24. Let n be 179/5 + (-3)/(-15). Let z = n - v. What is the tens digit of z?
1
Let h = -8 - -17. What is the units digit of h?
9
Let z(q) = q**3 - q**2 + 1. Let h = 11 - 9. What is the units digit of z(h)?
5
Let t be 7/(-1) + (-14)/7. Let c = t - -35. What is the units digit of c?
6
Let y(g) = 3*g - 9. Let t be y(10). Let m = t - -13. What is the tens digit of m?
3
Let u(h) = -h**3 + 13*h**2 - 15*h + 44. What is the units digit of u(10)?
4
Suppose -x = 3*x - 28. Let h = -4 + x. What is the units digit of h?
3
Let g = 5 - 13. Let j(s) = s**3 + 7*s**2 - 10*s + 10. What is the tens digit of j(g)?
2
Suppose 3*v = -2*v + 65. Suppose -4*t + 45 = v. What is the units digit of t?
8
Suppose 2*i = i + 8. What is the units digit of 2/(-8) + 266/i?
3
Let j be 87/(-6)*(-2 - 0). Suppose 3*k - j = 3*x - 5, -x + 57 = 4*k. Suppose -5*b + k = -2. What is the units digit of b?
3
Suppose 2*y - 21 = -a + 12, 2*y + 3*a = 27. What is the tens digit of y?
1
Suppose 4*g - 8 = -0*g. Suppose 4*p - 3*z = 120, g*p + z = p + 23. What is the tens digit of p?
2
Let x = 97 - 87. What is the tens digit of x?
1
Let c = 0 - -1. What is the units digit of 6*c + 8/(-4)?
4
Let g(x) = -3*x + 2. Let v be g(-3). Suppose 7*t = v*t. Suppose 3*m + 24 = 3*r, -5*m + 5 + 5 = t. What is the units digit of r?
0
Let m(o) = o**3 - 8*o**2 - 3*o + 2. Let k(d) = 6*d**3 - 41*d**2 - 14*d + 10. Let p(x) = 2*k(x) - 11*m(x). What is the units digit of p(-4)?
0
Suppose 2*z - 566 = -2*x, 0 = 4*x - 2*x + 4*z - 568. What is the hundreds digit of x?
2
Suppose 11*r - 7*r + 607 = 5*t, 3*t = -2*r + 351. What is the units digit of t?
9
Suppose 0 = 5*p - 13 - 37. What is the units digit of 4/p - 174/(-15)?
2
Let x be (5 + -4)*(0 - -2). Let h(r) = r**2 + 6*r + 6. Let d be h(-8). Suppose 10 = x*q - d. What is the tens digit of q?
1
What is the units digit of 1/(-6)*-3*472?
6
Let n(k) = -k**2 + 10*k + 6. What is the units digit of n(9)?
5
Suppose -d = -2*d - 6. Let g be (0 - 3)/(2/d). Let r = 0 + g. What is the units digit of r?
9
What is the units digit of (0 - 3) + -6 + 14?
5
What is the units digit of ((-3)/((-18)/4))/((-4)/(-138))?
3
Let a(g) = -2*g - 12. Suppose -s = -1, -s + 14 = -b + 4*s. What is the units digit of a(b)?
6
Let y = 43 + -39. Let t = -7 - 8. What is the units digit of 1/4 - t/y?
4
Suppose t - 266 = -4*g, 3*g = -8*t + 5*t + 816. What is the hundreds digit of t?
2
Let i(y) be the third derivative of -y**4/24 - y**3/3 + y**2. Let h(m) = m + 4. Let n be h(-8). What is the units digit of i(n)?
2
Let x be 6/9 + (-13)/(-3). Suppose x*t - 47 = 13. What is the tens digit of t?
1
Suppose 4*y = 4*d - 28 + 4, 0 = -2*d - 2*y - 8. Suppose 3*f - d - 11 = 0. Suppose 4*o - f*c - 36 = 0, -3*c + 2*c - 16 = -2*o. What is the units digit of o?
7
Suppose 0 = -g + 6*g - 3*a - 282, 4*g - 5*a - 236 = 0. What is the tens digit of g?
5
Let l = 15 - 5. Suppose u + m + 3*m = -l, -4*u - m = -20. What is the units digit of u?
6
Let k be (1 - -1)/(-2 + 0). Let r(q) = -6*q**3 - q - 1. What is the units digit of r(k)?
6
Suppose d - 5 + 1 = 0. Let j(g) = -g**3 + 4*g**2 + 7*g - 7. Let w be j(5). Suppose -w*q = f + f - 15, 4*f - d*q = 20. What is the units digit of f?
6
Let k(j) = 4*j + 8*j + 8*j. Suppose 0*r = -o + 2*r + 9, 4*o = 3*r + 16. What is the units digit of k(o)?
0
Let b = -48 + 98. Suppose -2*m + b = 3*m. What is the units digit of m?
0
Suppose 8*i = 7*i + 2. Suppose -5*g + 80 = i*f + 3*f, 110 = 5*g - 5*f. What is the units digit of g?
9
Suppose 4*r = -0*r. Suppose 3*j - 2*j - 4*c = 83, r = -5*j + 4*c + 351. Suppose -16 + j = 3*o. What is the tens digit of o?
1
Let v be (-3)/(2/(2 - -10)). Let w = v - -38. What is the tens digit of w?
2
Suppose -12*h - 240 = -1224. What is the tens digit of h?
8
Let j = 220 + -150. Let f = j + -34. What is the units digit of f?
6
Let y(g) = 6*g**3 - g**2 - 3*g + 2. What is the tens digit of y(2)?
4
What is the units digit of (-3)/2 + (-338)/(-4)?
3
Suppose 0 = q - 5, -3*m = -5*q + 3*q - 2. Let i = 5 - 23. What is the units digit of m/18 - 32/i?
2
What is the hundreds digit of (-12614)/(-98) - (-2)/7?
1
Let r = 5 - -6. What is the units digit of r - -1 - (-6)/3?
4
Suppose 2*i + 2*c = -3*i + 158, 4*c = i - 36. What is the units digit of i?
2
Let c(g) = g**3 + 7*g**2 - 8*g + 6. What is the units digit of c(-8)?
6
Let w = -6 - -1. Let v = w + 1. Let s(b) = -3*b - 4. What is the units digit of s(v)?
8
Let x(m) = -m**3 + m**2 - 4*m + 6. What is the tens digit of x(-3)?
5
Let a(d) = 18*d**2 + d. Suppose 0*h = 2*h - 2. What is the tens digit of a(h)?
1
Let m(h) = h + 1. Let u(d) = -7*d - 16. Let g(l) = -6*m(l) - u(l). Let f(w) = -w**2 - 7*w - 6. Let s be f(-6). What is the tens digit of g(s)?
1
Suppose -4*s = 3*l + 7, 4*l - 17 = 5*s + 15. Suppose -5*v = -v - 2*d + 18, -l*d = v + 15. What is the units digit of 4 - 1/((-3)/v)?
2
Let p(s) be the first derivative of -s**4/4 + 4*s**3/3 - 3*s**2/2 + 3*s - 2. What is the units digit of p(3)?
3
Let i(a) = -a**2 - a - 1. Let d(n) = -n**3 + 4*n**2 + 5*n - 5. Let g(o) = -d(o) - 4*i(o). Let m be g(0). What is the units digit of (0 + 24/m)*3?
8
Let h be (-2 + 6)/(-3 - -1). Let r(v) = -11*v - 3. What is the tens digit of r(h)?
1
Let i be ((-12)/14)/(4/(-112)). Suppose 2*o - i = -t, t = -o - 3*t + 19. What is the tens digit of o?
1
Suppose -8*a = -3*a. Let k(d) = d**2 - d - 5. Let n be k(4). Suppose j = -a*j + n. What is the units digit of j?
7
Let g = 22 - 15. Let b = 16 - g. What is the units digit of b?
9
Let q = -8 + 12. Suppose -q*m = -21 - 3. What is the units digit of m?
6
Let v(y) = 3 - 6 + 5*y + y**3 + 1. What is the units digit of v(3)?
0
Let r(j) = 10*j + 9. Let l(h) = -15*h - 13. Let k(c) = -5*l(c) - 7*r(c). What is the tens digit of k(4)?
2
Suppose -4*n = o - 363 + 119, 2*o + n = 509. What is the hundreds digit of o?
2
Suppose -9*n = -1719 + 108. What is the tens digit of n?
7
Let n(i) = -i**3 - 3*i**2 - i - 3. Let w be n(-3). Suppose -4*v = -2*k - 54, w*v - 3*v = k - 48. Let u = v - 10. What is the units digit of u?
5
Let x(d) = 49*d + 1. What is the units digit of x(2)?
9
Suppose -557 = -8*k + 835. What is the tens digit of k?
7
Let g(y) = y**2 - y. Let p be g(1). Suppose 3*t + 4*x - 21 = 0, 0*t + 4*t - x - 28 = p. What is the units digit of t?
7
Suppose 5*l - 16 = -3*z + 13, 4 = 4*l - 4*z.